.
2, 401
List the prime factors of 21472.
2, 11, 61
What are the prime factors of 444?
2, 3, 37
List the prime factors of 409.
409
List the prime factors of 40831.
7, 19, 307
List the prime factors of 3371.
3371
What are the prime factors of 132535?
5, 13, 2039
List the prime factors of 2299.
11, 19
What are the prime factors of 54325?
5, 41, 53
List the prime factors of 22386.
2, 3, 7, 13, 41
What are the prime factors of 357?
3, 7, 17
List the prime factors of 6777.
3, 251
What are the prime factors of 1156?
2, 17
What are the prime factors of 3836?
2, 7, 137
What are the prime factors of 1767?
3, 19, 31
What are the prime factors of 778?
2, 389
List the prime factors of 9873.
3, 1097
What are the prime factors of 34233?
3, 11411
What are the prime factors of 31567?
31567
What are the prime factors of 85953?
3, 7, 4093
What are the prime factors of 3411?
3, 379
What are the prime factors of 4486?
2, 2243
What are the prime factors of 3451?
7, 17, 29
List the prime factors of 4069.
13, 313
What are the prime factors of 897?
3, 13, 23
What are the prime factors of 1072?
2, 67
List the prime factors of 14145.
3, 5, 23, 41
What are the prime factors of 6054?
2, 3, 1009
List the prime factors of 911.
911
What are the prime factors of 846?
2, 3, 47
What are the prime factors of 442?
2, 13, 17
What are the prime factors of 38?
2, 19
List the prime factors of 575.
5, 23
What are the prime factors of 937?
937
List the prime factors of 1041.
3, 347
List the prime factors of 6171.
3, 11, 17
What are the prime factors of 38125?
5, 61
What are the prime factors of 39672?
2, 3, 19, 29
List the prime factors of 17180.
2, 5, 859
What are the prime factors of 51841?
47, 1103
What are the prime factors of 779?
19, 41
What are the prime factors of 4989?
3, 1663
List the prime factors of 782.
2, 17, 23
What are the prime factors of 124?
2, 31
List the prime factors of 137.
137
What are the prime factors of 256?
2
What are the prime factors of 74711?
7, 13, 821
List the prime factors of 301.
7, 43
What are the prime factors of 115572?
2, 3, 9631
What are the prime factors of 46093?
46093
What are the prime factors of 34053?
3, 11351
What are the prime factors of 4097?
17, 241
List the prime factors of 19319.
19319
What are the prime factors of 11196?
2, 3, 311
What are the prime factors of 979?
11, 89
List the prime factors of 26.
2, 13
List the prime factors of 17289.
3, 17, 113
List the prime factors of 1265.
5, 11, 23
What are the prime factors of 1528?
2, 191
List the prime factors of 23612.
2, 5903
List the prime factors of 5465.
5, 1093
List the prime factors of 117063.
3, 13007
What are the prime factors of 1603?
7, 229
List the prime factors of 3323.
3323
List the prime factors of 1482.
2, 3, 13, 19
What are the prime factors of 1071?
3, 7, 17
What are the prime factors of 53396?
2, 7, 1907
List the prime factors of 793.
13, 61
List the prime factors of 653.
653
What are the prime factors of 1937?
13, 149
List the prime factors of 7212.
2, 3, 601
List the prime factors of 13446.
2, 3, 83
List the prime factors of 4839.
3, 1613
List the prime factors of 1511.
1511
What are the prime factors of 56?
2, 7
What are the prime factors of 2056?
2, 257
What are the prime factors of 291?
3, 97
What are the prime factors of 5258?
2, 11, 239
What are the prime factors of 23137?
17, 1361
What are the prime factors of 5733?
3, 7, 13
What are the prime factors of 77498?
2, 38749
What are the prime factors of 17504?
2, 547
List the prime factors of 5544.
2, 3, 7, 11
List the prime factors of 16738.
2, 8369
What are the prime factors of 33236?
2, 7, 1187
List the prime factors of 1554.
2, 3, 7, 37
What are the prime factors of 1624?
2, 7, 29
List the prime factors of 3327.
3, 1109
What are the prime factors of 81106?
2, 107, 379
List the prime factors of 9003.
3, 3001
What are the prime factors of 29810?
2, 5, 11, 271
List the prime factors of 41901.
3, 13967
List the prime factors of 2045.
5, 409
List the prime factors of 13586.
2, 6793
What are the prime factors of 56974?
2, 61, 467
List the prime factors of 3575.
5, 11, 13
What are the prime factors of 61704?
2, 3, 857
List the prime factors of 78558.
2, 3, 13093
What are the prime factors of 27701?
27701
List the prime factors of 10277.
43, 239
List the prime factors of 17427.
3, 37, 157
List the prime factors of 11106.
2, 3, 617
List the prime factors of 167.
167
List the prime factors of 951.
3, 317
List the prime factors of 2123.
11, 193
What are the prime factors of 3485?
5, 17, 41
List the prime factors of 1420.
2, 5, 71
What are the prime factors of 5754?
2, 3, 7, 137
What are the prime factors of 14321?
14321
List the prime factors of 28504.
2, 7, 509
List the prime factors of 5291.
11, 13, 37
What are the prime factors of 74834?
2, 17, 31, 71
List the prime factors of 15955.
5, 3191
List the prime factors of 50327.
59, 853
What are the prime factors of 19677?
3, 7, 937
List the prime factors of 777.
3, 7, 37
List the prime factors of 4078.
2, 2039
List the prime factors of 49173.
3, 37, 443
What are the prime factors of 3398?
2, 1699
What are the prime factors of 1121?
19, 59
List the prime factors of 30012.
2, 3, 41, 61
List the prime factors of 12253.
12253
What are the prime factors of 21902?
2, 47, 233
List the prime factors of 1214.
2, 607
List the prime factors of 59382.
2, 3, 3299
What are the prime factors of 150?
2, 3, 5
What are the prime factors of 12629?
73, 173
List the prime factors of 3326.
2, 1663
List the prime factors of 35717.
11, 17, 191
List the prime factors of 11978.
2, 53, 113
List the prime factors of 8006.
2, 4003
List the prime factors of 93.
3, 31
List the prime factors of 4494.
2, 3, 7, 107
List the prime factors of 5693.
5693
What are the prime factors of 40352?
2, 13, 97
List the prime factors of 2876.
2, 719
List the prime factors of 248.
2, 31
List the prime factors of 7085.
5, 13, 109
What are the prime factors of 201?
3, 67
List the prime factors of 48136.
2, 11, 547
List the prime factors of 2561.
13, 197
List the prime factors of 1718.
2, 859
List the prime factors of 3747.
3, 1249
List the prime factors of 26207.
73, 359
What are the prime factors of 4355?
5, 13, 67
What are the prime factors of 109292?
2, 89, 307
What are the prime factors of 34991?
11, 3181
List the prime factors of 20843.
19, 1097
List the prime factors of 18407.
79, 233
List the prime factors of 85.
5, 17
What are the prime factors of 7749?
3, 7, 41
List the prime factors of 526.
2, 263
What are the prime factors of 2499?
3, 7, 17
What are the prime factors of 17087?
7, 2441
List the prime factors of 7477.
7477
List the prime factors of 9075.
3, 5, 11
What are the prime factors of 7207?
7207
What are the prime factors of 2203?
2203
List the prime factors of 2745.
3, 5, 61
What are the prime factors of 582?
2, 3, 97
What are the prime factors of 24407?
24407
List the prime factors of 4418.
2, 47
What are the prime factors of 5210?
2, 5, 521
What are the prime factors of 5226?
2, 3, 13, 67
List the prime factors of 929.
929
What are the prime factors of 553?
7, 79
What are the prime factors of 1365?
3, 5, 7, 13
What are the prime factors of 65248?
2, 2039
What are the prime factors of 101056?
2, 1579
List the prime factors of 3644.
2, 911
What are the prime factors of 327?
3, 109
List the prime factors of 1078.
2, 7, 11
List the prime factors of 6581.
6581
List the prime factors of 2805.
3, 5, 11, 17
List the prime factors of 43979.
13, 17, 199
What are the prime factors of 32735?
5, 6547
List the prime factors of 2592.
2, 3
What are the prime factors of 1944?
2, 3
List the prime factors of 8070.
2, 3, 5, 269
List the prime factors of 1441.
11, 131
List the prime factors of 956.
2, 239
List the prime factors of 8336.
2, 521
List the prime factors of 10747.
11, 977
What are the prime factors of 71741?
71741
What are the prime factors of 549?
3, 61
What are the prime factors of 6642?
2, 3, 41
What are the prime factors of 123161?
79, 1559
List the prime factors of 179.
179
What are the prime factors of 63109?
223, 283
What are the prime factors of 4437?
3, 17, 29
What are the prime factors of 23947?
7, 11, 311
What are the prime factors of 4419?
3, 491
List the prime factors of 756.
2, 3, 7
List the 